are the prime factors of u?
2, 5
Let l(v) = v - 1. Let y(s) = -2*s**2 + 4*s - 7. Let j(c) = 6*l(c) - y(c). Let r be j(-2). Suppose -4*a = -7 - r. List the prime factors of a.
3
What are the prime factors of 2*(188/8 + 3)?
53
Let d(p) = -3*p**2 - 13*p + 6. Let c(b) = b**2 + 6*b - 3. Let v(g) = -7*c(g) - 3*d(g). Let i(z) = -2*z. Let w be i(-1). List the prime factors of v(w).
5
Let s = 163 + -93. Let a = s - 47. What are the prime factors of a?
23
Let u be 2 + (-1 - (1 - 76)). Let f = 49 - u. Let c = 41 + f. List the prime factors of c.
2, 7
Let y = -8 - -12. Let g be 105/20*(6 - 2). Suppose y + g = 5*v. What are the prime factors of v?
5
Let i = -18 - -38. What are the prime factors of i?
2, 5
Suppose k - 4*u + 12 = 6*k, -4*u = -2*k + 16. Let i = 23 - k. What are the prime factors of i?
19
Let t(f) = -f**2 + f + 19. Let z = -5 - -5. Let x be t(z). Suppose x = 2*k - 3*y, k + 2*y = 3*k - 16. What are the prime factors of k?
5
Let z be (-3)/(((-30)/4)/5). Suppose -8 + z = -2*y - 2*q, -5*y - 2*q = -24. Suppose -2*s = -3*s + y. What are the prime factors of s?
2, 3
Suppose 20*j + 200 = 24*j. What are the prime factors of j?
2, 5
What are the prime factors of -1*(-29)/1 - 2?
3
Let z be 1/(-1 - (-12)/9). Suppose j + z*y = -j, -j + y = 0. Suppose -26 = -3*m - r, -3*r + 9 + 6 = j. List the prime factors of m.
7
Let t = 11 + -9. Suppose -t*i - i + 6 = 0. What are the prime factors of i?
2
Let p = 125 + -85. What are the prime factors of p?
2, 5
Suppose 5*y - 4*r - 26 = 0, 2*r = -0*y - 2*y - 4. Let n be (-2 + 5)/(1 - y). Let m = 4 - n. What are the prime factors of m?
7
Let j(x) = 5*x**3 + 4*x**2 + 2*x + 5. Let v(u) = -6*u**3 - 4*u**2 - 3*u - 6. Let k(r) = -7*j(r) - 6*v(r). Let y = 2 + 1. List the prime factors of k(y).
2
Let s be 9 - (-3)/(9/(-6)). Let j = s - 16. List the prime factors of ((-24)/j)/(6/27).
2, 3
Suppose 0 = 5*p - 20, 2*u + p + 3 = 1. Let z(n) = n**3 + 4*n**2 - 4*n - 4. List the prime factors of z(u).
17
What are the prime factors of (-18)/(-63) + 710/14?
3, 17
What are the prime factors of (7 - 328)*(-1 - 4/(-6))?
107
Let i be (-24)/(-10) - 8/20. List the prime factors of (-3)/i*-8 + -2.
2, 5
Let b(f) = f**3 + f**2 + f + 10. Let t be b(0). Let z be (-2)/1 + t/2. Suppose -z*o + 14 + 37 = 0. List the prime factors of o.
17
Let k(u) = -u**3 - 4*u**2 - 3*u. Let s be k(-2). List the prime factors of (-7)/((-14)/(-15))*s.
3, 5
Let c be ((-7)/21)/(2/(-12)). Suppose -21 = -c*l - 2*w + 9, 2*w + 47 = 5*l. List the prime factors of l.
11
Let y = 13 + -21. Let p = -5 - y. Suppose -p*x - 2*x + 40 = 4*f, -30 = -3*f - 5*x. What are the prime factors of f?
2, 5
Suppose -3*u = -26 - 298. What are the prime factors of u?
2, 3
Let g(k) be the third derivative of k**5/15 + k**4/12 - k**3/3 + 2*k**2. List the prime factors of g(-2).
2, 5
Suppose 4*z + 94 = 4*p - 422, p - 141 = 5*z. List the prime factors of p.
2, 3, 7
Let o(n) = 13*n - 45. List the prime factors of o(15).
2, 3, 5
Let n = 37 - 23. What are the prime factors of n?
2, 7
Let w(q) be the first derivative of -q**2 - 6*q + 5. What are the prime factors of w(-4)?
2
Let a be ((-7)/14)/((-2)/4). List the prime factors of -2*(-1 + -1 + a).
2
Suppose -2*d + 4 = -4. Let q be (-4)/(-14) + d/(-14). Let y = q - -4. What are the prime factors of y?
2
Suppose -h + 1 + 1 = -2*c, -h = -4*c. Let q = 4 - h. Suppose q*m - 21 = -3*m. What are the prime factors of m?
7
Let q(o) = 16*o - 8. List the prime factors of q(11).
2, 3, 7
Let y(p) = 8*p**2 + p - 5. Let t be y(4). Suppose 4*g - t = 73. What are the prime factors of g/6 + (-2)/6?
2
Suppose 4*x = -x + 20. Suppose 13 = 5*y - x*y. What are the prime factors of y?
13
Let h be 2/(0 - 2)*0. Suppose 5*l + 3*v - 81 = h, -5*l + v = 2*v - 77. List the prime factors of l.
3, 5
Let n(g) = -5*g - 1. List the prime factors of n(-1).
2
What are the prime factors of (-63*6/12)/((-2)/4)?
3, 7
Let k(l) = -l**2 + 1. Let w be k(-1). Suppose w*z = -z. List the prime factors of z + (-30)/(-3) + -1.
3
Let c = 166 - 266. What are the prime factors of (-1 + 2)/((-4)/c)?
5
Let w = 6 - 9. Let f be w/15 + (-363)/(-15). Suppose 4*m = 8*m - f. List the prime factors of m.
2, 3
Let c = 260 + -78. What are the prime factors of c/42 - 4/(-6)?
5
Let r(s) = s**3 - 5*s**2 + s + 1. Let m be r(5). Let l = -3 + m. List the prime factors of l.
3
Suppose 6*c - 2*c = 2*i + 18, 2*c + 4*i = 34. Suppose 3*b - 2 - c = 0. Suppose 30 = b*o + 3*k, -2*o + k - 17 = -4*o. What are the prime factors of o?
7
List the prime factors of 8*32/4*2.
2
Suppose 3*f + i = -i + 114, 3*i = -5*f + 189. Suppose 13*j - f = 9*j. What are the prime factors of j?
3
Let w(c) be the first derivative of -c**2/2 + 5*c - 3. Let t be w(6). What are the prime factors of -4 + 3 - t*3?
2
Let c(w) = 4*w - 8. Let t = -2 - -11. Let y be c(t). Suppose h + h = y. List the prime factors of h.
2, 7
Let a = -8 + 14. Suppose f + 3*f = -q + a, q - 1 = f. List the prime factors of q.
2
What are the prime factors of 7/((-21)/(-12)) + 15?
19
Let w = -4 - -4. Suppose -3*n + 282 = 3*b, -b + w*b - 5*n = -74. What are the prime factors of ((-2)/3)/((-6)/b)?
11
Let y = -3 + 3. Suppose 2*u - 3 = 3*o, y*u - 5*o = -5*u. List the prime factors of u*(66/(-9))/2.
11
Let y(p) = p + p**2 + 13 + 7*p - 4 + 2*p. Let z be (-2)/(-2)*2*-5. List the prime factors of y(z).
3
Suppose -4*v - 3*m = -16, 3*v - 13 = m - 1. What are the prime factors of 123/v - 2/(-8)?
31
Let n(o) = o**3 - 10*o**2 + 10*o + 3. Let q = -1 - -10. What are the prime factors of n(q)?
2, 3
Let z(g) = 10*g**2 - g - 1. Suppose -q + 6*q + 5 = 0. List the prime factors of z(q).
2, 5
Let a = 94 + 107. List the prime factors of a.
3, 67
Suppose 87 = 3*v - 0*v. Suppose 2*b + 5*f = v + 13, b + 5*f = 16. What are the prime factors of b?
2, 13
Let o = 2 + 3. Suppose 0 = o*k - 33 - 147. What are the prime factors of k?
2, 3
Let n = -79 + 55. List the prime factors of (-4)/n + (-11)/(-6).
2
Suppose 0 = -0*f - f + 4. Suppose -4*w - 3*p = -177, 0*w + 2*w + f*p - 96 = 0. What are the prime factors of w?
2, 3, 7
Suppose -4*a = -16*a + 1836. What are the prime factors of a?
3, 17
Suppose -5*q = v - 7 + 21, -4*v + q + 49 = 0. Suppose m = -5*g - 15, 3*g + 0*m = -3*m + 3. Let l = g + v. List the prime factors of l.
7
Let m = 4 + -2. Suppose 4*w + 12 = -3*p + 91, 4*w - 50 = -m*p. What are the prime factors of p?
29
Suppose 3*p - 49 = -4*u, 5*u - 61 = -0*u - 4*p. What are the prime factors of u?
13
Let d(z) be the first derivative of -z**4 - z**3 - 3*z**2/2 - 3*z - 1. List the prime factors of d(-2).
23
Let q(x) be the third derivative of -x**4/8 - 4*x**3/3 - 2*x**2. What are the prime factors of q(-6)?
2, 5
Let i(s) = s**3 - 3*s - 3. Let j be i(-2). Let m = 20 + j. List the prime factors of m.
3, 5
Let x = 1 + 1. Let r be (3/(-6) + 2)*x. Suppose r*h = 3*p - 72, 2*h = -5*p - h + 88. What are the prime factors of p?
2, 5
Suppose n - 4*m = -4, 4*m + 9 - 1 = 4*n. Let q(u) = u**3 - 5*u**2 + 4*u + 8. List the prime factors of q(n).
2
Suppose -j + 1 + 0 = 0. Let b be -7 - (-4 + j)/1. What are the prime factors of 15/(-20) + (-59)/b?
2, 7
Let i(p) = -11*p + 1. Let d be i(-1). List the prime factors of (11/3)/(4/d).
11
List the prime factors of 6 - (-1 + 12/4).
2
Suppose 0 = 2*h - 4*h + 10. Let y(x) = 4*x - 4. List the prime factors of y(h).
2
Let v = 166 + -234. Let b be v/(-12) + 2/(-3). Suppose -b*d + 0*d = -35. What are the prime factors of d?
7
Let x = 81 + -33. Suppose -7*s - x = -11*s. What are the prime factors of s?
2, 3
Let w = 152 + -71. What are the prime factors of w?
3
Let d(y) = y. Let v(p) = -5*p + 2. Let z(k) = -4*d(k) - v(k). Let o be z(5). What are the prime factors of (84/(-18))/((-1)/o)?
2, 7
Suppose 18*l + 88 - 484 = 0. What are the prime factors of l?
2, 11
Let v = 36 + -5. Suppose 0 = -4*i + v + 17. What are the prime factors of i?
2, 3
Let l = 30 - -6. List the prime factors of l.
2, 3
Let v(a) be the third derivative of a**5/60 - 7*a**4/24 - 2*a**3 + 3*a**2. What are the prime factors of v(9)?
2, 3
List the prime factors of (8/(-6))/((-18)/675).
2, 5
Let s be (5/(-2))/(6/12). What are the prime factors of 18/4 - s/(-10)?
2
Suppose 0 = 5*t - 338 - 247. Suppose 0*o + 3*o - 3*a - t = 0, 3*o - 5*a - 115 = 0. What are the prime factors of o?
2, 5
Suppose 2*q - 2*r - 16 = -3*r, 0 = r. List the prime facto